+ 4388, 0 = -2*c - 5*u + 1739. Calculate the remainder when c is divided by 80.
77
Let o = 334 - 285. What is the remainder when 140 is divided by o?
42
Let m(z) = 2*z**2 - 12*z + 9. Let c be m(6). Let b(f) be the third derivative of f**4/12 - 13*f**3/6 - f**2. What is the remainder when b(c) is divided by 4?
1
Suppose 46*q - 1648 - 2584 = 0. Calculate the remainder when 287 is divided by q.
11
Let p(v) = 6*v - 5. Suppose 0*a = -5*a + 25. Let u(d) = 8*d**2 - d + 2. Calculate the remainder when p(a) is divided by u(1).
7
Suppose 5*x = -5*z + 20, 0*z = -3*x + 3*z + 36. What is the remainder when 11 is divided by x?
3
Suppose -4*y + 5 = -3. Let j be (-2)/4 - ((-21)/6)/(-1). What is the remainder when 2 is divided by (j + y)*(0 - 1)?
0
Suppose -1166*v + 1172*v = 1332. Calculate the remainder when v is divided by 32.
30
Let x = 78 + -73. Calculate the remainder when (-4)/x*((-426)/12 - 7) is divided by 19.
15
Suppose 1415 - 4305 = -5*n. Let f = n + -404. Calculate the remainder when f is divided by 35.
34
Let a(q) = 2*q**3 + 2*q**2 + 2. Let i be 2 + -1 - (-6 + 5 + 0). Let g = 1 + 6. What is the remainder when a(i) is divided by g?
5
Let a(w) = -5*w + 47. Calculate the remainder when 83 is divided by a(5).
17
Let v(i) = 0*i - i**2 + 0*i + 12*i**3 + 2*i**2. Suppose 5*g - 1 = 2*o, -2*o + 3*o + 3 = 5*g. What is the remainder when 36 is divided by v(g)?
10
Let f be ((-46)/(-6))/((-2)/(-6)). Let q = f + -10. Let d = -2 - -9. Calculate the remainder when q is divided by d.
6
Suppose 0 = 5*u + 5, -3 = -3*t - t - 5*u. Let a be 5 + 173 - (5 - t). Suppose -7*p = -12*p + a. Calculate the remainder when 68 is divided by p.
33
Let g(o) = o**3 + 9*o**2 + 5*o + 12. Let a be g(-7). Suppose 0 = -3*q + 162 + a. Calculate the remainder when q is divided by 27.
25
Let a(m) = m**3 + 8*m**2 + 4*m - 3. Suppose 5*v + 3*i = -41, -v = -0*i + 3*i + 13. Calculate the remainder when 70 is divided by a(v).
16
Suppose 4*g + 5 = -l + 9*g, 5*g = 5. Suppose 3*u - n - 48 = l, -u + 3*n + 10 - 2 = 0. Let a(w) = 15*w - 26. What is the remainder when a(5) is divided by u?
15
Let i = 120 + -110. Suppose -28*s + i = -18*s. What is the remainder when 4 is divided by s?
0
Let x = -3415 + 1807. Calculate the remainder when x/(-21) + 4/(-7) is divided by 26.
24
Let t = -120 + 178. Suppose -k = -3*j - 6, 0 = k + 2*j + j - 24. Calculate the remainder when t is divided by k.
13
Calculate the remainder when 41 is divided by (38 - 24)*(-24)/(-14).
17
Suppose 5*k + l - 290 = 0, k - 156 = -2*k + 3*l. What is the remainder when k is divided by 15?
12
Suppose 0 = w + 377 - 439. Calculate the remainder when w is divided by 50.
12
Suppose -237 - 1075 = -16*d. Calculate the remainder when 573 is divided by d.
81
Let a = 133 - 77. Let n = a + -35. Let b(d) = -5*d**3 - 9*d**2 - 7*d + 7. What is the remainder when b(-3) is divided by n?
19
Let s(z) = 4*z**2 + 3*z + 10. Let a be s(6). Suppose -t = 5, 12 - a = -5*o + 3*t. What is the remainder when o is divided by 8?
5
Suppose -5*h + 82 = -118. Suppose l = -4*l + h. Suppose 180 = l*q - 3*q. Calculate the remainder when q is divided by 13.
10
What is the remainder when 670/(-3)*(-108)/90 is divided by 54?
52
Let y(k) = 8*k - k**2 + 4 + 0*k**2 + 1 + 2. Let m be y(7). Let o = m - 2. Calculate the remainder when 57 is divided by o.
9
Suppose 3*f + 2*m = 61, -73 = -4*f + 2*m - 3*m. Suppose 0 = -i - 6*i + 343. What is the remainder when i is divided by f?
15
Let s(l) = l + 16. Let d be s(-13). Suppose 3*k + d*m = -2 - 1, -11 = -4*k + m. Calculate the remainder when 3 is divided by k.
1
Let z(i) = -13*i**2 + 69*i - 1. What is the remainder when 123 is divided by z(5)?
9
Let y be 11 + 2 + (-2 - 0). Let h(g) = -3*g**2 + 10*g**3 + 16*g**2 - 11*g**3 + y + 14*g. Calculate the remainder when 19 is divided by h(14).
8
Suppose -5*n + 20 + 21 = -z, 2*n - 2 = 4*z. What is the remainder when ((-108)/(-8) - -4)*2 is divided by n?
8
Let k = 23 - 15. Let r = -3629 - -3639. What is the remainder when r is divided by k?
2
Let k = 56 + -15. Calculate the remainder when 114 is divided by k.
32
Calculate the remainder when 48/192 - -2*(-230)/(-16) is divided by 8.
5
Let b(i) = -4*i - 1. Let a be b(-8). Suppose -3*u + a + 8 = 3*l, 5*u - 45 = -l. Suppose 48*k + 8*k = 784. What is the remainder when k is divided by u?
6
Suppose 5*b - 4*d - 46 = 3*b, 4*d = -4. Calculate the remainder when b is divided by 8.
5
Let i = 62 - 41. Let v = 23 - i. Suppose 0 = v*o - 0*o - 4, -2*r + o = -14. What is the remainder when r is divided by 4?
0
Let v = -37 + 80. Calculate the remainder when v is divided by (9 - 3) + 15 + (17 - 19).
5
Suppose 3*r - 997 = m, 2*r - 2*m = -m + 665. What is the remainder when r is divided by 21?
17
Suppose 0 = 28*j - 175 - 21. What is the remainder when 25 is divided by j?
4
Let o(p) = 116*p - 290. What is the remainder when o(3) is divided by 7?
2
Suppose -3*q + 2*n = -279, 12*q - 15*q - 2*n + 279 = 0. What is the remainder when q is divided by 39?
15
Let q be -6*(1/1 - -2). What is the remainder when (q/(-7))/((-2)/(-28)) is divided by 13?
10
Let h(l) = l**2 - 1. Let u(d) be the third derivative of -d**5/12 - 5*d**2. Let z(a) = -h(a) - u(a). What is the remainder when 32 is divided by z(2)?
15
Suppose 5*u - 8 = 7. Calculate the remainder when 47 is divided by (u - (3 + 1))*-7.
5
Suppose l + 8 = -2*y + 2*l, -5*l = y - 18. Let i(s) = -6*s - 6. Calculate the remainder when 19 is divided by i(y).
1
Suppose -2*a + a = x, 0 = 5*x - 4*a - 27. Let q(m) = -x*m**2 + 7*m**2 - 6*m - 2*m**2 - 11. Calculate the remainder when 33 is divided by q(5).
6
Suppose 10*q = 8*q + 10, k + 5*q + 81 = 0. Let x = k - -111. What is the remainder when 42 is divided by x?
2
Let i be (-15 - -27)*3/(-2). Let f be ((-102)/i)/(1/3). Let t = -4 + f. Calculate the remainder when 24 is divided by t.
11
Suppose -r - 5*h + 12 = 0, r + h = -r + 15. Calculate the remainder when 17 is divided by r.
3
Let y(t) = -2*t**2 + 23*t + 7. Let x be y(13). Let r = 50 + x. Calculate the remainder when r is divided by 7.
4
Let r be (-3)/(3/(-2)) - 0. Suppose 2 = -r*z - j - j, 0 = 2*z - 4*j - 16. Suppose -33 + 7 = -z*o. What is the remainder when 50 is divided by o?
11
Let k = 10 + -13. What is the remainder when 65 is divided by (-68)/(-6)*k/(-2)?
14
Let x(h) = h**3 - 5*h**2 - 16*h - 10. What is the remainder when 483 is divided by x(8)?
51
Suppose 5*s - 290 = -5*p, 3*s - p - 4*p - 158 = 0. Calculate the remainder when 87 is divided by s.
31
Let z be (-1335)/10*18/(-27). Suppose 0 = 3*m + 2*m - 10. Suppose i = m*i - 2*y - z, -365 = -4*i + 5*y. What is the remainder when i is divided by 12?
11
Let s = 1088 - 1042. Suppose -5*z + 412 = -263. What is the remainder when z is divided by s?
43
Let w = 93 - 68. Let q = 45 + w. What is the remainder when q is divided by (-166)/(-7) - 2/(-7)?
22
Let l = 18 - 7. Let o = -32 + 183. Suppose -5*x + 59 = -o. Calculate the remainder when x is divided by l.
9
Suppose -3*y + 3 = -2*y. Suppose 5*z = y*n - 73, 4*z + 28 = n - 1. What is the remainder when 61 is divided by n?
19
Let j be (-4)/(-2 + 33/18). Let t = j - 9. Let o = t - 10. Calculate the remainder when 8 is divided by o.
3
Let c(a) = -5*a - 3. Let h be c(-1). Suppose 8*k = h*z + 3*k - 41, z - 25 = k. Calculate the remainder when z is divided by 8.
4
Let c = -4 - -35. Let u(h) = 5*h**3 + 1 + 7 - 4*h**2 - 6*h**3. What is the remainder when c is divided by u(-4)?
7
Let v = 8 + -6. Suppose v*g = -3*g, 5*o + 5*g - 435 = 0. Calculate the remainder when o is divided by 44.
43
What is the remainder when 65 is divided by 2475/(-100)*(-8)/6?
32
Let h(j) = j**2 - 19*j + 18. Let s be h(10). Let l = 282 - 172. Let f = s + l. Calculate the remainder when f is divided by 10.
8
Suppose k - 48 = -5*k. Calculate the remainder when 28 is divided by (-133)/(-9) - k/(-36).
13
Suppose 5*o - 8 = u, -25 + 86 = 3*u + 2*o. Suppose 2*d = -2*b + 320, -2*b = 4 + 4. Let k = 230 - d. Calculate the remainder when k is divided by u.
15
Suppose -25*h = -30*h + 70. Let x(o) = 2*o**3 + o**2 + 3*o - 1. What is the remainder when x(2) is divided by h?
11
Suppose -y = y. Suppose 62 = 4*k + 20*j - 6*j, 5*k = -2*j + 93. What is the remainder when k is divided by (0 + 0 - y) + 7?
5
Let q be 2 - 2/((-8)/4). Suppose -q*u - 2*n + 25 = 0, 4*n - 2 = 18. What is the remainder